82594?
2
What is the thousands digit of 748242446?
2
What is the hundred millions digit of 260078731?
2
What is the hundreds digit of 419926928?
9
What is the ten millions digit of 30003841?
3
What is the thousands digit of 12909375?
9
What is the hundred millions digit of 821161630?
8
What is the hundreds digit of 9754748?
7
What is the units digit of 170203480?
0
What is the hundreds digit of 142222552?
5
What is the hundred thousands digit of 1619039327?
0
What is the ten millions digit of 293040142?
9
What is the units digit of 33755331?
1
What is the hundred thousands digit of 1486999979?
9
What is the ten millions digit of 199590321?
9
What is the thousands digit of 5023304705?
4
What is the hundred millions digit of 1626308152?
6
What is the millions digit of 1501940217?
1
What is the tens digit of 223993705?
0
What is the units digit of 1086596198?
8
What is the millions digit of 525839236?
5
What is the ten thousands digit of 15776957?
7
What is the hundreds digit of 12582843?
8
What is the tens digit of 50256557?
5
What is the units digit of 661401707?
7
What is the millions digit of 77354177?
7
What is the hundred millions digit of 149351288?
1
What is the units digit of 2867851729?
9
What is the tens digit of 81876460?
6
What is the thousands digit of 74154604?
4
What is the ten millions digit of 1697027959?
9
What is the thousands digit of 1574888496?
8
What is the millions digit of 1669519274?
9
What is the millions digit of 13291280?
3
What is the millions digit of 72108410?
2
What is the thousands digit of 69023176?
3
What is the thousands digit of 48747821?
7
What is the tens digit of 51335497?
9
What is the ten millions digit of 158682633?
5
What is the billions digit of 3042675590?
3
What is the billions digit of 3384124394?
3
What is the units digit of 1848082051?
1
What is the millions digit of 25904709?
5
What is the thousands digit of 277788342?
8
What is the millions digit of 24985282?
4
What is the ten millions digit of 94811641?
9
What is the millions digit of 979220065?
9
What is the hundred millions digit of 1176480801?
1
What is the ten millions digit of 5187983553?
8
What is the ten millions digit of 31358611?
3
What is the millions digit of 23071981?
3
What is the thousands digit of 20486369?
6
What is the hundreds digit of 52450468?
4
What is the tens digit of 53974136?
3
What is the units digit of 402162171?
1
What is the hundred thousands digit of 44145734?
1
What is the hundred millions digit of 4387779297?
3
What is the millions digit of 2567946209?
7
What is the hundreds digit of 7439219139?
1
What is the units digit of 22486146?
6
What is the millions digit of 446404393?
6
What is the units digit of 69785809?
9
What is the thousands digit of 23834389?
4
What is the ten thousands digit of 632713548?
1
What is the ten millions digit of 1281933512?
8
What is the millions digit of 44189056?
4
What is the tens digit of 415026274?
7
What is the ten thousands digit of 112948026?
4
What is the millions digit of 55092651?
5
What is the millions digit of 34806840?
4
What is the ten thousands digit of 140998181?
9
What is the ten thousands digit of 17166139?
6
What is the units digit of 2517860422?
2
What is the hundred thousands digit of 26549136?
5
What is the ten millions digit of 535169482?
3
What is the ten millions digit of 104601758?
0
What is the ten millions digit of 446512993?
4
What is the units digit of 226446428?
8
What is the ten millions digit of 2389818873?
8
What is the ten thousands digit of 135231505?
3
What is the thousands digit of 5573748452?
8
What is the tens digit of 394748975?
7
What is the hundreds digit of 37035480?
4
What is the tens digit of 6920742537?
3
What is the hundreds digit of 424833654?
6
What is the units digit of 728604430?
0
What is the hundred thousands digit of 53900038?
9
What is the tens digit of 34148174?
7
What is the tens digit of 2207771563?
6
What is the hundreds digit of 18478012?
0
What is the billions digit of 1078099433?
1
What is the hundreds digit of 138075436?
4
What is the ten millions digit of 23986642?
2
What is the ten thousands digit of 7032887?
3
What is the hundreds digit of 189459439?
4
What is the hundreds digit of 469144064?
0
What is the thousands digit of 32353190?
3
What is the ten millions digit of 26236176?
2
What is the ten millions digit of 28420162?
2
What is the thousands digit of 233691577?
1
What is the millions digit of 15681068?
5
What is the thousands digit of 2172650377?
0
What is the hundred millions digit of 455016153?
4
What is the units digit of 5056244168?
8
What is the hundred millions digit of 268331924?
2
What is the ten thousands digit of 294659952?
5
What is the hundred thousands digit of 81695991?
6
What is the tens digit of 447999749?
4
What is the ten thousands digit of 302165257?
6
What is the units digit of 70171741?
1
What is the millions digit of 61488126?
1
What is the thousands digit of 674450383?
0
What is the hundred millions digit of 115675657?
1
What is the hundreds digit of 207995017?
0
What is the units digit of 98418384?
4
What is the hundreds digit of 475035631?
6
What is the ten thousands digit of 239625026?
2
What is the millions digit of 470156079?
0
What is the ten millions digit of 6298565865?
9
What is the hundred thousands digit of 108774401?
7
What is the millions digit of 294999546?
4
What is the units digit of 6868151?
1
What is the ten thousands digit of 342770306?
7
What is the hundreds digit of 129685665?
6
What is the thousands digit of 102893218?
3
What is the millions digit of 2812063?
2
What is the units digit of 335923186?
6
What is the hundreds digit of 4509444736?
7
What is the hundreds digit of 4212783038?
0
What is the billions digit of 3085216793?
3
What is the millions digit of 113108177?
3
What is the thousands digit of 42396765?
6
What is the tens digit of 300788114?
1
What is the ten thousands digit of 56638539?
3
What is the ten thousands digit of 102736737?
3
What is the units digit of 2935896907?
7
What is the hundred millions digit of 1010624989?
0
What is the hundreds digit of 460842069?
0
What is the units digit of 45726035?
5
What is the thousands digit of 499421922?
1
What is the thousands digit of 432050489?
0
What is the hundred thousands digit of 278148?
2
What is the hundred thousands digit of 36089871?
0
What is the ten millions digit of 1940382035?
4
What is the ten millions digit of 78319236?
7
What is the millions digit of 35970837?
5
What is the thousands digit of 719676547?
6
What is the tens digit of 40026524?
2
What is the ten thousands digit of 118345429?
4
What is the ten millions digit of 342434104?
4
What is the ten thousands digit of 900863053?
6
What is the thousands digit of 4967733?
7
What is the tens digit of 46930158?
5
What is the millions digit of 504646894?
4
What is the tens digit of 19177056?
5
What is the thousands digit of 23871518?
1
What is the ten thousands digit of 210812907?
1
What is the ten millions digit of 134203989?
3
What is the units digit of 67871752?
2
What is the hundred thousands digit of 2335160977?
1
What is the ten millions digit of 35023486?
3
What is the units digit of 36864544?
4
What is the ten thousands digit of 1363667296?
6
What is the millions digit of 161225661?
1
What is the tens digit of 68045504?
0
What is the thousands digit of 1801019314?
9
What is the hundred thousands digit of 18940031?
9
What is the hundreds digit of 479679121?
1
What is the ten thousands digit of 157233150?
3
What is the ten thousands digit of 40531607?
3
What is the hundred thousands digit of 1019235568?
2
What is the tens digit of 402700097?
9
What is the millions digit of 237796065?
7
What is the thousands digit of 724973972?
3
What is the tens digit of 37171551?
5
What is the tens digit of 164842734?
3
What is the ten millions digit of 350293729?
5
What is the ten thousands digit of 101551155?
5
What is the units digit of 76134765?
5
What is the hundred thousands digit of 68524944?
5
What is the ten millions digit of 7094976378?
9
What is the ten millions digit of 239840022?
3
What is the millions digit of 274726874?
4
What is the billions digit of 1586190224?
1
What is the hundreds digit of 331003522?
5
What is the hundred millions d